{"id":659,"date":"2023-02-03T11:49:31","date_gmt":"2023-02-03T10:49:31","guid":{"rendered":"https:\/\/rayonnagepro.com\/?page_id=659"},"modified":"2023-04-25T15:39:44","modified_gmt":"2023-04-25T13:39:44","slug":"accessoires-manutention","status":"publish","type":"page","link":"https:\/\/rayonnagepro.com\/index.php\/accessoires-manutention\/","title":{"rendered":"Accessoires &amp; Manutention"},"content":{"rendered":"\t\t<div data-elementor-type=\"wp-page\" data-elementor-id=\"659\" class=\"elementor elementor-659\">\n\t\t\t\t\t\t\t\t\t<section class=\"elementor-section elementor-top-section elementor-element elementor-element-675a9cc elementor-section-boxed elementor-section-height-default elementor-section-height-default wpr-particle-no wpr-jarallax-no wpr-parallax-no wpr-sticky-section-no\" data-id=\"675a9cc\" data-element_type=\"section\">\n\t\t\t\t\t\t<div class=\"elementor-container elementor-column-gap-default\">\n\t\t\t\t\t<div class=\"elementor-column elementor-col-100 elementor-top-column elementor-element elementor-element-2933579\" data-id=\"2933579\" data-element_type=\"column\">\n\t\t\t<div class=\"elementor-widget-wrap elementor-element-populated\">\n\t\t\t\t\t\t\t\t<div class=\"elementor-element elementor-element-da75663 elementor-widget elementor-widget-heading\" data-id=\"da75663\" data-element_type=\"widget\" data-widget_type=\"heading.default\">\n\t\t\t\t<div class=\"elementor-widget-container\">\n\t\t\t<style>\/*! elementor - v3.16.0 - 20-09-2023 *\/\n.elementor-heading-title{padding:0;margin:0;line-height:1}.elementor-widget-heading .elementor-heading-title[class*=elementor-size-]>a{color:inherit;font-size:inherit;line-height:inherit}.elementor-widget-heading .elementor-heading-title.elementor-size-small{font-size:15px}.elementor-widget-heading .elementor-heading-title.elementor-size-medium{font-size:19px}.elementor-widget-heading .elementor-heading-title.elementor-size-large{font-size:29px}.elementor-widget-heading .elementor-heading-title.elementor-size-xl{font-size:39px}.elementor-widget-heading .elementor-heading-title.elementor-size-xxl{font-size:59px}<\/style><h4 class=\"elementor-heading-title elementor-size-default\">Mat\u00e9riel de manutention <\/h4>\t\t<\/div>\n\t\t\t\t<\/div>\n\t\t\t\t<div class=\"elementor-element elementor-element-ff319eb elementor-widget-divider--view-line elementor-widget elementor-widget-divider\" data-id=\"ff319eb\" data-element_type=\"widget\" data-widget_type=\"divider.default\">\n\t\t\t\t<div class=\"elementor-widget-container\">\n\t\t\t<style>\/*! elementor - v3.16.0 - 20-09-2023 *\/\n.elementor-widget-divider{--divider-border-style:none;--divider-border-width:1px;--divider-color:#0c0d0e;--divider-icon-size:20px;--divider-element-spacing:10px;--divider-pattern-height:24px;--divider-pattern-size:20px;--divider-pattern-url:none;--divider-pattern-repeat:repeat-x}.elementor-widget-divider .elementor-divider{display:flex}.elementor-widget-divider .elementor-divider__text{font-size:15px;line-height:1;max-width:95%}.elementor-widget-divider .elementor-divider__element{margin:0 var(--divider-element-spacing);flex-shrink:0}.elementor-widget-divider .elementor-icon{font-size:var(--divider-icon-size)}.elementor-widget-divider .elementor-divider-separator{display:flex;margin:0;direction:ltr}.elementor-widget-divider--view-line_icon .elementor-divider-separator,.elementor-widget-divider--view-line_text .elementor-divider-separator{align-items:center}.elementor-widget-divider--view-line_icon .elementor-divider-separator:after,.elementor-widget-divider--view-line_icon .elementor-divider-separator:before,.elementor-widget-divider--view-line_text .elementor-divider-separator:after,.elementor-widget-divider--view-line_text .elementor-divider-separator:before{display:block;content:\"\";border-bottom:0;flex-grow:1;border-top:var(--divider-border-width) var(--divider-border-style) var(--divider-color)}.elementor-widget-divider--element-align-left .elementor-divider .elementor-divider-separator>.elementor-divider__svg:first-of-type{flex-grow:0;flex-shrink:100}.elementor-widget-divider--element-align-left .elementor-divider-separator:before{content:none}.elementor-widget-divider--element-align-left .elementor-divider__element{margin-left:0}.elementor-widget-divider--element-align-right .elementor-divider .elementor-divider-separator>.elementor-divider__svg:last-of-type{flex-grow:0;flex-shrink:100}.elementor-widget-divider--element-align-right .elementor-divider-separator:after{content:none}.elementor-widget-divider--element-align-right .elementor-divider__element{margin-right:0}.elementor-widget-divider:not(.elementor-widget-divider--view-line_text):not(.elementor-widget-divider--view-line_icon) .elementor-divider-separator{border-top:var(--divider-border-width) var(--divider-border-style) var(--divider-color)}.elementor-widget-divider--separator-type-pattern{--divider-border-style:none}.elementor-widget-divider--separator-type-pattern.elementor-widget-divider--view-line .elementor-divider-separator,.elementor-widget-divider--separator-type-pattern:not(.elementor-widget-divider--view-line) .elementor-divider-separator:after,.elementor-widget-divider--separator-type-pattern:not(.elementor-widget-divider--view-line) .elementor-divider-separator:before,.elementor-widget-divider--separator-type-pattern:not([class*=elementor-widget-divider--view]) .elementor-divider-separator{width:100%;min-height:var(--divider-pattern-height);-webkit-mask-size:var(--divider-pattern-size) 100%;mask-size:var(--divider-pattern-size) 100%;-webkit-mask-repeat:var(--divider-pattern-repeat);mask-repeat:var(--divider-pattern-repeat);background-color:var(--divider-color);-webkit-mask-image:var(--divider-pattern-url);mask-image:var(--divider-pattern-url)}.elementor-widget-divider--no-spacing{--divider-pattern-size:auto}.elementor-widget-divider--bg-round{--divider-pattern-repeat:round}.rtl .elementor-widget-divider .elementor-divider__text{direction:rtl}.e-con-inner>.elementor-widget-divider,.e-con>.elementor-widget-divider{width:var(--container-widget-width,100%);--flex-grow:var(--container-widget-flex-grow)}<\/style>\t\t<div class=\"elementor-divider\">\n\t\t\t<span class=\"elementor-divider-separator\">\n\t\t\t\t\t\t<\/span>\n\t\t<\/div>\n\t\t\t\t<\/div>\n\t\t\t\t<\/div>\n\t\t\t\t<section class=\"elementor-section elementor-inner-section elementor-element elementor-element-18362442 elementor-section-full_width elementor-section-height-default elementor-section-height-default wpr-particle-no wpr-jarallax-no wpr-parallax-no wpr-sticky-section-no\" data-id=\"18362442\" data-element_type=\"section\">\n\t\t\t\t\t\t<div class=\"elementor-container elementor-column-gap-no\">\n\t\t\t\t\t<div class=\"elementor-column elementor-col-33 elementor-inner-column elementor-element elementor-element-7263d03d\" data-id=\"7263d03d\" data-element_type=\"column\">\n\t\t\t<div class=\"elementor-widget-wrap elementor-element-populated\">\n\t\t\t\t\t\t\t\t<div class=\"elementor-element elementor-element-5f5e3373 elementor-position-top elementor-widget elementor-widget-image-box\" data-id=\"5f5e3373\" data-element_type=\"widget\" data-widget_type=\"image-box.default\">\n\t\t\t\t<div class=\"elementor-widget-container\">\n\t\t\t<style>\/*! elementor - v3.16.0 - 20-09-2023 *\/\n.elementor-widget-image-box .elementor-image-box-content{width:100%}@media (min-width:768px){.elementor-widget-image-box.elementor-position-left .elementor-image-box-wrapper,.elementor-widget-image-box.elementor-position-right .elementor-image-box-wrapper{display:flex}.elementor-widget-image-box.elementor-position-right .elementor-image-box-wrapper{text-align:right;flex-direction:row-reverse}.elementor-widget-image-box.elementor-position-left .elementor-image-box-wrapper{text-align:left;flex-direction:row}.elementor-widget-image-box.elementor-position-top .elementor-image-box-img{margin:auto}.elementor-widget-image-box.elementor-vertical-align-top .elementor-image-box-wrapper{align-items:flex-start}.elementor-widget-image-box.elementor-vertical-align-middle .elementor-image-box-wrapper{align-items:center}.elementor-widget-image-box.elementor-vertical-align-bottom .elementor-image-box-wrapper{align-items:flex-end}}@media (max-width:767px){.elementor-widget-image-box .elementor-image-box-img{margin-left:auto!important;margin-right:auto!important;margin-bottom:15px}}.elementor-widget-image-box .elementor-image-box-img{display:inline-block}.elementor-widget-image-box .elementor-image-box-title a{color:inherit}.elementor-widget-image-box .elementor-image-box-wrapper{text-align:center}.elementor-widget-image-box .elementor-image-box-description{margin:0}<\/style><div class=\"elementor-image-box-wrapper\"><figure class=\"elementor-image-box-img\"><a href=\"https:\/\/rayonnagepro.com\/index.php\/caisses-de-rangement\/\" target=\"_blank\" tabindex=\"-1\"><img loading=\"lazy\" decoding=\"async\" width=\"1024\" height=\"769\" src=\"https:\/\/rayonnagepro.com\/wp-content\/uploads\/2023\/02\/Caisse-de-rangement-1.jpg\" class=\"elementor-animation-grow attachment-full size-full wp-image-662\" alt=\"Caisse de rangement 1 crates\" srcset=\"https:\/\/rayonnagepro.com\/wp-content\/uploads\/2023\/02\/Caisse-de-rangement-1.jpg 1024w, https:\/\/rayonnagepro.com\/wp-content\/uploads\/2023\/02\/Caisse-de-rangement-1-300x225.jpg 300w, https:\/\/rayonnagepro.com\/wp-content\/uploads\/2023\/02\/Caisse-de-rangement-1-768x577.jpg 768w\" sizes=\"(max-width: 1024px) 100vw, 1024px\" \/><\/a><\/figure><div class=\"elementor-image-box-content\"><h4 class=\"elementor-image-box-title\"><a href=\"https:\/\/rayonnagepro.com\/index.php\/caisses-de-rangement\/\" target=\"_blank\">Caisse de rangement<\/a><\/h4><p class=\"elementor-image-box-description\">Organisez votre espace de travail avec nos caisses de rangement<\/p><\/div><\/div>\t\t<\/div>\n\t\t\t\t<\/div>\n\t\t\t\t\t<\/div>\n\t\t<\/div>\n\t\t\t\t<div class=\"elementor-column elementor-col-33 elementor-inner-column elementor-element elementor-element-79bbb23\" data-id=\"79bbb23\" data-element_type=\"column\">\n\t\t\t<div class=\"elementor-widget-wrap elementor-element-populated\">\n\t\t\t\t\t\t\t\t<div class=\"elementor-element elementor-element-65438793 elementor-position-top elementor-widget elementor-widget-image-box\" data-id=\"65438793\" data-element_type=\"widget\" data-widget_type=\"image-box.default\">\n\t\t\t\t<div class=\"elementor-widget-container\">\n\t\t\t<div class=\"elementor-image-box-wrapper\"><figure class=\"elementor-image-box-img\"><a href=\"https:\/\/rayonnagepro.com\/index.php\/palettes-en-plastique\/\" target=\"_blank\" tabindex=\"-1\"><img loading=\"lazy\" decoding=\"async\" width=\"450\" height=\"337\" src=\"https:\/\/rayonnagepro.com\/wp-content\/uploads\/2023\/02\/palette-dentreposage-intelligent-blanc-80x120-0011-e1681303933316.jpg\" class=\"elementor-animation-grow attachment-full size-full wp-image-1351\" alt=\"palette en plastique blanc 80x120 0011\" srcset=\"https:\/\/rayonnagepro.com\/wp-content\/uploads\/2023\/02\/palette-dentreposage-intelligent-blanc-80x120-0011-e1681303933316.jpg 450w, https:\/\/rayonnagepro.com\/wp-content\/uploads\/2023\/02\/palette-dentreposage-intelligent-blanc-80x120-0011-e1681303933316-300x225.jpg 300w\" sizes=\"(max-width: 450px) 100vw, 450px\" \/><\/a><\/figure><div class=\"elementor-image-box-content\"><h4 class=\"elementor-image-box-title\"><a href=\"https:\/\/rayonnagepro.com\/index.php\/palettes-en-plastique\/\" target=\"_blank\">Palettes en plastique <\/a><\/h4><p class=\"elementor-image-box-description\">Des palettes fiables pour une manutention en toute s\u00e9curit\u00e9<\/p><\/div><\/div>\t\t<\/div>\n\t\t\t\t<\/div>\n\t\t\t\t\t<\/div>\n\t\t<\/div>\n\t\t\t\t<div class=\"elementor-column elementor-col-33 elementor-inner-column elementor-element elementor-element-964995\" data-id=\"964995\" data-element_type=\"column\">\n\t\t\t<div class=\"elementor-widget-wrap elementor-element-populated\">\n\t\t\t\t\t\t\t\t<div class=\"elementor-element elementor-element-169814b6 elementor-position-top elementor-widget elementor-widget-image-box\" data-id=\"169814b6\" data-element_type=\"widget\" data-widget_type=\"image-box.default\">\n\t\t\t\t<div class=\"elementor-widget-container\">\n\t\t\t<div class=\"elementor-image-box-wrapper\"><figure class=\"elementor-image-box-img\"><a href=\"https:\/\/rayonnagepro.com\/index.php\/chariots-de-manutention\/\" target=\"_blank\" tabindex=\"-1\"><img decoding=\"async\" src=\"https:\/\/rayonnagepro.com\/wp-content\/uploads\/elementor\/thumbs\/Chariots-e1681303685765-q4wlvv9rysl6xf3dkfyin5pwa38owdjr2t8ncxmxb0.jpg\" title=\"Chariots\" alt=\"Chariot de manutention\" class=\"elementor-animation-grow\" loading=\"lazy\" \/><\/a><\/figure><div class=\"elementor-image-box-content\"><h4 class=\"elementor-image-box-title\"><a href=\"https:\/\/rayonnagepro.com\/index.php\/chariots-de-manutention\/\" target=\"_blank\">Chariots manutention<\/a><\/h4><p class=\"elementor-image-box-description\">Simplifiez vos d\u00e9placements de charges lourdes gr\u00e2ce \u00e0 nos chariots manutention<\/p><\/div><\/div>\t\t<\/div>\n\t\t\t\t<\/div>\n\t\t\t\t\t<\/div>\n\t\t<\/div>\n\t\t\t\t\t\t\t<\/div>\n\t\t<\/section>\n\t\t\t\t\t<\/div>\n\t\t<\/div>\n\t\t\t\t\t\t\t<\/div>\n\t\t<\/section>\n\t\t\t\t<section class=\"elementor-section elementor-top-section elementor-element elementor-element-cbf1b78 elementor-section-boxed elementor-section-height-default elementor-section-height-default wpr-particle-no wpr-jarallax-no wpr-parallax-no wpr-sticky-section-no\" data-id=\"cbf1b78\" data-element_type=\"section\">\n\t\t\t\t\t\t<div class=\"elementor-container elementor-column-gap-default\">\n\t\t\t\t\t<div class=\"elementor-column elementor-col-100 elementor-top-column elementor-element elementor-element-ab9d002\" data-id=\"ab9d002\" data-element_type=\"column\">\n\t\t\t<div class=\"elementor-widget-wrap elementor-element-populated\">\n\t\t\t\t\t\t\t\t<div class=\"elementor-element elementor-element-5670604 elementor-widget-divider--view-line elementor-widget elementor-widget-divider\" data-id=\"5670604\" data-element_type=\"widget\" data-widget_type=\"divider.default\">\n\t\t\t\t<div class=\"elementor-widget-container\">\n\t\t\t\t\t<div class=\"elementor-divider\">\n\t\t\t<span class=\"elementor-divider-separator\">\n\t\t\t\t\t\t<\/span>\n\t\t<\/div>\n\t\t\t\t<\/div>\n\t\t\t\t<\/div>\n\t\t\t\t\t<\/div>\n\t\t<\/div>\n\t\t\t\t\t\t\t<\/div>\n\t\t<\/section>\n\t\t\t\t<section class=\"elementor-section elementor-top-section elementor-element elementor-element-fc72bc9 elementor-section-boxed elementor-section-height-default elementor-section-height-default wpr-particle-no wpr-jarallax-no wpr-parallax-no wpr-sticky-section-no\" data-id=\"fc72bc9\" data-element_type=\"section\">\n\t\t\t\t\t\t<div class=\"elementor-container elementor-column-gap-default\">\n\t\t\t\t\t<div class=\"elementor-column elementor-col-100 elementor-top-column elementor-element elementor-element-328a919\" data-id=\"328a919\" data-element_type=\"column\">\n\t\t\t<div class=\"elementor-widget-wrap elementor-element-populated\">\n\t\t\t\t\t\t\t\t<div class=\"elementor-element elementor-element-3b2506a7 elementor-widget elementor-widget-text-editor\" data-id=\"3b2506a7\" data-element_type=\"widget\" data-widget_type=\"text-editor.default\">\n\t\t\t\t<div class=\"elementor-widget-container\">\n\t\t\t<style>\/*! elementor - v3.16.0 - 20-09-2023 *\/\n.elementor-widget-text-editor.elementor-drop-cap-view-stacked .elementor-drop-cap{background-color:#69727d;color:#fff}.elementor-widget-text-editor.elementor-drop-cap-view-framed .elementor-drop-cap{color:#69727d;border:3px solid;background-color:transparent}.elementor-widget-text-editor:not(.elementor-drop-cap-view-default) .elementor-drop-cap{margin-top:8px}.elementor-widget-text-editor:not(.elementor-drop-cap-view-default) .elementor-drop-cap-letter{width:1em;height:1em}.elementor-widget-text-editor .elementor-drop-cap{float:left;text-align:center;line-height:1;font-size:50px}.elementor-widget-text-editor .elementor-drop-cap-letter{display:inline-block}<\/style>\t\t\t\t<p>Les mat\u00e9riels de manutention sont des \u00e9quipements utilis\u00e9s pour faciliter le d\u00e9placement, le stockage et la manipulation de charges lourdes dans les entreprises industrielles et commerciales. Nous proposons des \u00e9quipements tels que des chariots de service, des\u00a0<a href=\"https:\/\/rayonnagepro.com\/index.php\/chariot-de-manutention\/#a-cage\" target=\"_blank\" rel=\"noopener\"><b>chariots \u00e0 cage<\/b><\/a>, des\u00a0<a href=\"https:\/\/rayonnagepro.com\/index.php\/palette-en-plastique\/\" target=\"_blank\" rel=\"noopener\"><b>palettes<\/b><\/a>, des\u00a0<a href=\"https:\/\/rayonnagepro.com\/index.php\/caisse-de-rangement\/\" target=\"_blank\" rel=\"noopener\"><b>caisses de rangement<\/b><\/a>. Les mat\u00e9riels de manutention sont con\u00e7us pour am\u00e9liorer la s\u00e9curit\u00e9, la productivit\u00e9 et la commodit\u00e9 du personnel, tout en r\u00e9duisant les risques de blessures et de dommages aux produits.<\/p>\t\t\t\t\t\t<\/div>\n\t\t\t\t<\/div>\n\t\t\t\t\t<\/div>\n\t\t<\/div>\n\t\t\t\t\t\t\t<\/div>\n\t\t<\/section>\n\t\t\t\t\t\t\t<\/div>\n\t\t","protected":false},"excerpt":{"rendered":"<p>Mat\u00e9riel de manutention Caisse de rangement Organisez votre espace de travail avec nos caisses de rangement Palettes en plastique Des palettes fiables pour une manutention en toute s\u00e9curit\u00e9 Chariots manutention Simplifiez vos d\u00e9placements de charges lourdes gr\u00e2ce \u00e0 nos chariots manutention Les mat\u00e9riels de manutention sont des \u00e9quipements utilis\u00e9s pour faciliter le d\u00e9placement, le stockage [&hellip;]<\/p>\n","protected":false},"author":1,"featured_media":134,"parent":0,"menu_order":0,"comment_status":"closed","ping_status":"closed","template":"","meta":{"footnotes":""},"yoast_head":"<!-- This site is optimized with the Yoast SEO plugin v21.2 - https:\/\/yoast.com\/wordpress\/plugins\/seo\/ -->\n<title>Accessoires &amp; Manutention - Chariots Silver City Rayonnage<\/title>\n<meta name=\"description\" content=\"Les mat\u00e9riels de manutention sont des \u00e9quipements utilis\u00e9s pour faciliter le d\u00e9placement, le stockage et la manipulation de charges lourdes\" \/>\n<meta name=\"robots\" content=\"index, follow, max-snippet:-1, max-image-preview:large, max-video-preview:-1\" \/>\n<link rel=\"canonical\" href=\"https:\/\/rayonnagepro.com\/index.php\/accessoires-manutention\/\" \/>\n<meta property=\"og:locale\" content=\"en_US\" \/>\n<meta property=\"og:type\" content=\"article\" \/>\n<meta property=\"og:title\" content=\"Optimisez votre espace de vente avec nos solutions de rayonnage pour supermarch\u00e9\" \/>\n<meta property=\"og:description\" content=\"Les mat\u00e9riels de manutention sont des \u00e9quipements utilis\u00e9s pour faciliter le d\u00e9placement, le stockage et la manipulation de charges lourdes\" \/>\n<meta property=\"og:url\" content=\"https:\/\/rayonnagepro.com\/index.php\/accessoires-manutention\/\" \/>\n<meta property=\"og:site_name\" content=\"Silver City Rayonnage\" \/>\n<meta property=\"article:modified_time\" content=\"2023-04-25T13:39:44+00:00\" \/>\n<meta property=\"og:image\" content=\"https:\/\/rayonnagepro.com\/wp-content\/uploads\/2023\/02\/gondole-supermarche-slide1.jpg\" \/>\n\t<meta property=\"og:image:width\" content=\"1600\" \/>\n\t<meta property=\"og:image:height\" content=\"1200\" \/>\n\t<meta property=\"og:image:type\" content=\"image\/jpeg\" \/>\n<meta name=\"twitter:card\" content=\"summary_large_image\" \/>\n<meta name=\"twitter:label1\" content=\"Est. reading time\" \/>\n\t<meta name=\"twitter:data1\" content=\"2 minutes\" \/>\n<script type=\"application\/ld+json\" class=\"yoast-schema-graph\">{\"@context\":\"https:\/\/schema.org\",\"@graph\":[{\"@type\":\"WebPage\",\"@id\":\"https:\/\/rayonnagepro.com\/index.php\/accessoires-manutention\/\",\"url\":\"https:\/\/rayonnagepro.com\/index.php\/accessoires-manutention\/\",\"name\":\"Accessoires &amp; Manutention - Chariots Silver City Rayonnage\",\"isPartOf\":{\"@id\":\"https:\/\/rayonnagepro.com\/#website\"},\"datePublished\":\"2023-02-03T10:49:31+00:00\",\"dateModified\":\"2023-04-25T13:39:44+00:00\",\"description\":\"Les mat\u00e9riels de manutention sont des \u00e9quipements utilis\u00e9s pour faciliter le d\u00e9placement, le stockage et la manipulation de charges lourdes\",\"breadcrumb\":{\"@id\":\"https:\/\/rayonnagepro.com\/index.php\/accessoires-manutention\/#breadcrumb\"},\"inLanguage\":\"en-US\",\"potentialAction\":[{\"@type\":\"ReadAction\",\"target\":[\"https:\/\/rayonnagepro.com\/index.php\/accessoires-manutention\/\"]}]},{\"@type\":\"BreadcrumbList\",\"@id\":\"https:\/\/rayonnagepro.com\/index.php\/accessoires-manutention\/#breadcrumb\",\"itemListElement\":[{\"@type\":\"ListItem\",\"position\":1,\"name\":\"Accueil\",\"item\":\"https:\/\/rayonnagepro.com\/\"},{\"@type\":\"ListItem\",\"position\":2,\"name\":\"Accessoires &amp; Manutention\"}]},{\"@type\":\"WebSite\",\"@id\":\"https:\/\/rayonnagepro.com\/#website\",\"url\":\"https:\/\/rayonnagepro.com\/\",\"name\":\"Silver City Rayonnage\",\"description\":\"Rayonnage magasin et supermarche\",\"publisher\":{\"@id\":\"https:\/\/rayonnagepro.com\/#organization\"},\"potentialAction\":[{\"@type\":\"SearchAction\",\"target\":{\"@type\":\"EntryPoint\",\"urlTemplate\":\"https:\/\/rayonnagepro.com\/?s={search_term_string}\"},\"query-input\":\"required name=search_term_string\"}],\"inLanguage\":\"en-US\"},{\"@type\":\"Organization\",\"@id\":\"https:\/\/rayonnagepro.com\/#organization\",\"name\":\"Silver City Rayonnage\",\"url\":\"https:\/\/rayonnagepro.com\/\",\"logo\":{\"@type\":\"ImageObject\",\"inLanguage\":\"en-US\",\"@id\":\"https:\/\/rayonnagepro.com\/#\/schema\/logo\/image\/\",\"url\":\"https:\/\/rayonnagepro.com\/wp-content\/uploads\/2023\/01\/logo-silver.png\",\"contentUrl\":\"https:\/\/rayonnagepro.com\/wp-content\/uploads\/2023\/01\/logo-silver.png\",\"width\":572,\"height\":192,\"caption\":\"Silver City Rayonnage\"},\"image\":{\"@id\":\"https:\/\/rayonnagepro.com\/#\/schema\/logo\/image\/\"}}]}<\/script>\n<!-- \/ Yoast SEO plugin. -->","yoast_head_json":{"title":"Accessoires &amp; Manutention - Chariots Silver City Rayonnage","description":"Les mat\u00e9riels de manutention sont des \u00e9quipements utilis\u00e9s pour faciliter le d\u00e9placement, le stockage et la manipulation de charges lourdes","robots":{"index":"index","follow":"follow","max-snippet":"max-snippet:-1","max-image-preview":"max-image-preview:large","max-video-preview":"max-video-preview:-1"},"canonical":"https:\/\/rayonnagepro.com\/index.php\/accessoires-manutention\/","og_locale":"en_US","og_type":"article","og_title":"Optimisez votre espace de vente avec nos solutions de rayonnage pour supermarch\u00e9","og_description":"Les mat\u00e9riels de manutention sont des \u00e9quipements utilis\u00e9s pour faciliter le d\u00e9placement, le stockage et la manipulation de charges lourdes","og_url":"https:\/\/rayonnagepro.com\/index.php\/accessoires-manutention\/","og_site_name":"Silver City Rayonnage","article_modified_time":"2023-04-25T13:39:44+00:00","og_image":[{"width":1600,"height":1200,"url":"https:\/\/rayonnagepro.com\/wp-content\/uploads\/2023\/02\/gondole-supermarche-slide1.jpg","type":"image\/jpeg"}],"twitter_card":"summary_large_image","twitter_misc":{"Est. reading time":"2 minutes"},"schema":{"@context":"https:\/\/schema.org","@graph":[{"@type":"WebPage","@id":"https:\/\/rayonnagepro.com\/index.php\/accessoires-manutention\/","url":"https:\/\/rayonnagepro.com\/index.php\/accessoires-manutention\/","name":"Accessoires &amp; Manutention - Chariots Silver City Rayonnage","isPartOf":{"@id":"https:\/\/rayonnagepro.com\/#website"},"datePublished":"2023-02-03T10:49:31+00:00","dateModified":"2023-04-25T13:39:44+00:00","description":"Les mat\u00e9riels de manutention sont des \u00e9quipements utilis\u00e9s pour faciliter le d\u00e9placement, le stockage et la manipulation de charges lourdes","breadcrumb":{"@id":"https:\/\/rayonnagepro.com\/index.php\/accessoires-manutention\/#breadcrumb"},"inLanguage":"en-US","potentialAction":[{"@type":"ReadAction","target":["https:\/\/rayonnagepro.com\/index.php\/accessoires-manutention\/"]}]},{"@type":"BreadcrumbList","@id":"https:\/\/rayonnagepro.com\/index.php\/accessoires-manutention\/#breadcrumb","itemListElement":[{"@type":"ListItem","position":1,"name":"Accueil","item":"https:\/\/rayonnagepro.com\/"},{"@type":"ListItem","position":2,"name":"Accessoires &amp; Manutention"}]},{"@type":"WebSite","@id":"https:\/\/rayonnagepro.com\/#website","url":"https:\/\/rayonnagepro.com\/","name":"Silver City Rayonnage","description":"Rayonnage magasin et supermarche","publisher":{"@id":"https:\/\/rayonnagepro.com\/#organization"},"potentialAction":[{"@type":"SearchAction","target":{"@type":"EntryPoint","urlTemplate":"https:\/\/rayonnagepro.com\/?s={search_term_string}"},"query-input":"required name=search_term_string"}],"inLanguage":"en-US"},{"@type":"Organization","@id":"https:\/\/rayonnagepro.com\/#organization","name":"Silver City Rayonnage","url":"https:\/\/rayonnagepro.com\/","logo":{"@type":"ImageObject","inLanguage":"en-US","@id":"https:\/\/rayonnagepro.com\/#\/schema\/logo\/image\/","url":"https:\/\/rayonnagepro.com\/wp-content\/uploads\/2023\/01\/logo-silver.png","contentUrl":"https:\/\/rayonnagepro.com\/wp-content\/uploads\/2023\/01\/logo-silver.png","width":572,"height":192,"caption":"Silver City Rayonnage"},"image":{"@id":"https:\/\/rayonnagepro.com\/#\/schema\/logo\/image\/"}}]}},"_links":{"self":[{"href":"https:\/\/rayonnagepro.com\/index.php\/wp-json\/wp\/v2\/pages\/659"}],"collection":[{"href":"https:\/\/rayonnagepro.com\/index.php\/wp-json\/wp\/v2\/pages"}],"about":[{"href":"https:\/\/rayonnagepro.com\/index.php\/wp-json\/wp\/v2\/types\/page"}],"author":[{"embeddable":true,"href":"https:\/\/rayonnagepro.com\/index.php\/wp-json\/wp\/v2\/users\/1"}],"replies":[{"embeddable":true,"href":"https:\/\/rayonnagepro.com\/index.php\/wp-json\/wp\/v2\/comments?post=659"}],"version-history":[{"count":58,"href":"https:\/\/rayonnagepro.com\/index.php\/wp-json\/wp\/v2\/pages\/659\/revisions"}],"predecessor-version":[{"id":2252,"href":"https:\/\/rayonnagepro.com\/index.php\/wp-json\/wp\/v2\/pages\/659\/revisions\/2252"}],"wp:featuredmedia":[{"embeddable":true,"href":"https:\/\/rayonnagepro.com\/index.php\/wp-json\/wp\/v2\/media\/134"}],"wp:attachment":[{"href":"https:\/\/rayonnagepro.com\/index.php\/wp-json\/wp\/v2\/media?parent=659"}],"curies":[{"name":"wp","href":"https:\/\/api.w.org\/{rel}","templated":true}]}}