{"id":28,"date":"2023-01-19T11:27:59","date_gmt":"2023-01-19T10:27:59","guid":{"rendered":"https:\/\/rayonnagepro.com\/?page_id=28"},"modified":"2023-02-21T11:51:13","modified_gmt":"2023-02-21T10:51:13","slug":"rayonnage-mobile-pour-archive","status":"publish","type":"page","link":"https:\/\/rayonnagepro.com\/index.php\/rayonnage-mobile-pour-archive\/","title":{"rendered":"Rayonnage Mobile"},"content":{"rendered":"<p class=\"attachment\"><a href='https:\/\/rayonnagepro.com\/wp-content\/uploads\/2023\/02\/Rayonnage-mobie-blanc.jpg'><img loading=\"lazy\" decoding=\"async\" width=\"300\" height=\"275\" src=\"https:\/\/rayonnagepro.com\/wp-content\/uploads\/2023\/02\/Rayonnage-mobie-blanc-300x275.jpg\" class=\"attachment-medium size-medium\" alt=\"Rayonnage mobile blanc\" srcset=\"https:\/\/rayonnagepro.com\/wp-content\/uploads\/2023\/02\/Rayonnage-mobie-blanc-300x275.jpg 300w, https:\/\/rayonnagepro.com\/wp-content\/uploads\/2023\/02\/Rayonnage-mobie-blanc.jpg 600w\" sizes=\"(max-width: 300px) 100vw, 300px\" \/><\/a><\/p>\n\t\t<div data-elementor-type=\"wp-page\" data-elementor-id=\"28\" class=\"elementor elementor-28\">\n\t\t\t\t\t\t\t\t\t<section class=\"elementor-section elementor-top-section elementor-element elementor-element-5f3ba2cc elementor-section-content-middle elementor-section-boxed elementor-section-height-default elementor-section-height-default wpr-particle-no wpr-jarallax-no wpr-parallax-no wpr-sticky-section-no\" data-id=\"5f3ba2cc\" data-element_type=\"section\">\n\t\t\t\t\t\t<div class=\"elementor-container elementor-column-gap-no\">\n\t\t\t\t\t<div class=\"elementor-column elementor-col-100 elementor-top-column elementor-element elementor-element-2fb6618b\" data-id=\"2fb6618b\" data-element_type=\"column\">\n\t\t\t<div class=\"elementor-widget-wrap elementor-element-populated\">\n\t\t\t\t\t\t\t\t<div class=\"elementor-element elementor-element-248e5a7f elementor-widget elementor-widget-heading\" data-id=\"248e5a7f\" data-element_type=\"widget\" data-widget_type=\"heading.default\">\n\t\t\t\t<div class=\"elementor-widget-container\">\n\t\t\t<style>\/*! elementor - v3.16.0 - 20-09-2023 *\/\n.elementor-heading-title{padding:0;margin:0;line-height:1}.elementor-widget-heading .elementor-heading-title[class*=elementor-size-]>a{color:inherit;font-size:inherit;line-height:inherit}.elementor-widget-heading .elementor-heading-title.elementor-size-small{font-size:15px}.elementor-widget-heading .elementor-heading-title.elementor-size-medium{font-size:19px}.elementor-widget-heading .elementor-heading-title.elementor-size-large{font-size:29px}.elementor-widget-heading .elementor-heading-title.elementor-size-xl{font-size:39px}.elementor-widget-heading .elementor-heading-title.elementor-size-xxl{font-size:59px}<\/style><h4 class=\"elementor-heading-title elementor-size-default\">Le rayonnage l\u00e9ger sur base mobile<\/h4>\t\t<\/div>\n\t\t\t\t<\/div>\n\t\t\t\t\t<\/div>\n\t\t<\/div>\n\t\t\t\t\t\t\t<\/div>\n\t\t<\/section>\n\t\t\t\t<section class=\"elementor-section elementor-top-section elementor-element elementor-element-3ebb1ca5 elementor-section-content-middle elementor-section-boxed elementor-section-height-default elementor-section-height-default wpr-particle-no wpr-jarallax-no wpr-parallax-no wpr-sticky-section-no\" data-id=\"3ebb1ca5\" data-element_type=\"section\" data-settings=\"{&quot;shape_divider_top&quot;:&quot;mountains&quot;}\">\n\t\t\t\t\t<div class=\"elementor-shape elementor-shape-top\" data-negative=\"false\">\n\t\t\t<svg xmlns=\"http:\/\/www.w3.org\/2000\/svg\" viewBox=\"0 0 1000 100\" preserveAspectRatio=\"none\">\n\t<path class=\"elementor-shape-fill\" opacity=\"0.33\" d=\"M473,67.3c-203.9,88.3-263.1-34-320.3,0C66,119.1,0,59.7,0,59.7V0h1000v59.7 c0,0-62.1,26.1-94.9,29.3c-32.8,3.3-62.8-12.3-75.8-22.1C806,49.6,745.3,8.7,694.9,4.7S492.4,59,473,67.3z\"\/>\n\t<path class=\"elementor-shape-fill\" opacity=\"0.66\" d=\"M734,67.3c-45.5,0-77.2-23.2-129.1-39.1c-28.6-8.7-150.3-10.1-254,39.1 s-91.7-34.4-149.2,0C115.7,118.3,0,39.8,0,39.8V0h1000v36.5c0,0-28.2-18.5-92.1-18.5C810.2,18.1,775.7,67.3,734,67.3z\"\/>\n\t<path class=\"elementor-shape-fill\" d=\"M766.1,28.9c-200-57.5-266,65.5-395.1,19.5C242,1.8,242,5.4,184.8,20.6C128,35.8,132.3,44.9,89.9,52.5C28.6,63.7,0,0,0,0 h1000c0,0-9.9,40.9-83.6,48.1S829.6,47,766.1,28.9z\"\/>\n<\/svg>\t\t<\/div>\n\t\t\t\t\t<div class=\"elementor-container elementor-column-gap-no\">\n\t\t\t\t\t<div class=\"elementor-column elementor-col-100 elementor-top-column elementor-element elementor-element-6ece14a4\" data-id=\"6ece14a4\" data-element_type=\"column\">\n\t\t\t<div class=\"elementor-widget-wrap elementor-element-populated\">\n\t\t\t\t\t\t\t\t<div class=\"elementor-element elementor-element-20ab17fd elementor-invisible elementor-widget elementor-widget-heading\" data-id=\"20ab17fd\" data-element_type=\"widget\" data-settings=\"{&quot;_animation&quot;:&quot;zoomIn&quot;}\" data-widget_type=\"heading.default\">\n\t\t\t\t<div class=\"elementor-widget-container\">\n\t\t\t<h4 class=\"elementor-heading-title elementor-size-default\">Les \u00e9tag\u00e8res mobile<\/h4>\t\t<\/div>\n\t\t\t\t<\/div>\n\t\t\t\t<section class=\"elementor-section elementor-inner-section elementor-element elementor-element-dd0ccae elementor-section-boxed elementor-section-height-default elementor-section-height-default wpr-particle-no wpr-jarallax-no wpr-parallax-no wpr-sticky-section-no\" data-id=\"dd0ccae\" data-element_type=\"section\">\n\t\t\t\t\t\t<div class=\"elementor-container elementor-column-gap-default\">\n\t\t\t\t\t<div class=\"elementor-column elementor-col-50 elementor-inner-column elementor-element elementor-element-4adb4a8\" data-id=\"4adb4a8\" data-element_type=\"column\">\n\t\t\t<div class=\"elementor-widget-wrap elementor-element-populated\">\n\t\t\t\t\t\t\t\t<div class=\"elementor-element elementor-element-5ac98c50 elementor-widget elementor-widget-image\" data-id=\"5ac98c50\" data-element_type=\"widget\" data-widget_type=\"image.default\">\n\t\t\t\t<div class=\"elementor-widget-container\">\n\t\t\t<style>\/*! elementor - v3.16.0 - 20-09-2023 *\/\n.elementor-widget-image{text-align:center}.elementor-widget-image a{display:inline-block}.elementor-widget-image a img[src$=\".svg\"]{width:48px}.elementor-widget-image img{vertical-align:middle;display:inline-block}<\/style>\t\t\t\t\t\t\t\t\t\t\t\t\t<a href=\"https:\/\/rayonnagepro.com\/wp-content\/uploads\/2023\/02\/Rayonnage-mobile-3D-Silver-City.jpg\" data-elementor-open-lightbox=\"yes\" data-elementor-lightbox-title=\"Rayonnage mobile 3D Silver City\" data-e-action-hash=\"#elementor-action%3Aaction%3Dlightbox%26settings%3DeyJpZCI6NTcyLCJ1cmwiOiJodHRwczpcL1wvcmF5b25uYWdlcHJvLmNvbVwvd3AtY29udGVudFwvdXBsb2Fkc1wvMjAyM1wvMDJcL1JheW9ubmFnZS1tb2JpbGUtM0QtU2lsdmVyLUNpdHkuanBnIn0%3D\">\n\t\t\t\t\t\t\t<img loading=\"lazy\" decoding=\"async\" width=\"1024\" height=\"802\" src=\"https:\/\/rayonnagepro.com\/wp-content\/uploads\/2023\/02\/Rayonnage-mobile-3D-Silver-City-1024x802.jpg\" class=\"attachment-large size-large wp-image-572\" alt=\"Rayonnage mobile 3D Silver City\" srcset=\"https:\/\/rayonnagepro.com\/wp-content\/uploads\/2023\/02\/Rayonnage-mobile-3D-Silver-City-1024x802.jpg 1024w, https:\/\/rayonnagepro.com\/wp-content\/uploads\/2023\/02\/Rayonnage-mobile-3D-Silver-City-300x235.jpg 300w, https:\/\/rayonnagepro.com\/wp-content\/uploads\/2023\/02\/Rayonnage-mobile-3D-Silver-City-768x601.jpg 768w, https:\/\/rayonnagepro.com\/wp-content\/uploads\/2023\/02\/Rayonnage-mobile-3D-Silver-City.jpg 1142w\" sizes=\"(max-width: 1024px) 100vw, 1024px\" \/>\t\t\t\t\t\t\t\t<\/a>\n\t\t\t\t\t\t\t\t\t\t\t\t\t\t\t<\/div>\n\t\t\t\t<\/div>\n\t\t\t\t<div class=\"elementor-element elementor-element-e260cbf wpr-grid-columns-4 wpr-grid-columns--tablet3 wpr-grid-columns--mobile1 wpr-grid-pagination-center elementor-invisible elementor-widget elementor-widget-wpr-media-grid\" data-id=\"e260cbf\" data-element_type=\"widget\" data-settings=\"{&quot;_animation&quot;:&quot;zoomIn&quot;}\" data-widget_type=\"wpr-media-grid.default\">\n\t\t\t\t<div class=\"elementor-widget-container\">\n\t\t\t<section class=\"wpr-grid wpr-media-grid elementor-clearfix\" data-settings=\"{&quot;layout&quot;:&quot;fitRows&quot;,&quot;columns_desktop&quot;:4,&quot;gutter_hr&quot;:10,&quot;gutter_hr_mobile&quot;:10,&quot;gutter_hr_mobile_extra&quot;:10,&quot;gutter_hr_tablet&quot;:10,&quot;gutter_hr_tablet_extra&quot;:10,&quot;gutter_hr_laptop&quot;:10,&quot;gutter_hr_widescreen&quot;:10,&quot;gutter_vr&quot;:10,&quot;gutter_vr_mobile&quot;:10,&quot;gutter_vr_mobile_extra&quot;:10,&quot;gutter_vr_tablet&quot;:10,&quot;gutter_vr_tablet_extra&quot;:10,&quot;gutter_vr_laptop&quot;:10,&quot;gutter_vr_widescreen&quot;:10,&quot;animation&quot;:&quot;default&quot;,&quot;animation_duration&quot;:0.3,&quot;animation_delay&quot;:0.1,&quot;deeplinking&quot;:&quot;&quot;,&quot;filters_default_filter&quot;:&quot;&quot;,&quot;filters_linkable&quot;:&quot;no&quot;,&quot;filters_count&quot;:&quot;&quot;,&quot;filters_hide_empty&quot;:&quot;no&quot;,&quot;filters_animation&quot;:&quot;default&quot;,&quot;filters_animation_duration&quot;:0.3,&quot;filters_animation_delay&quot;:0.1,&quot;pagination_type&quot;:&quot;load-more&quot;,&quot;pagination_max_pages&quot;:1,&quot;lightbox&quot;:{&quot;selector&quot;:&quot;.wpr-grid-image-wrap&quot;,&quot;iframeMaxWidth&quot;:&quot;60%&quot;,&quot;hash&quot;:false,&quot;autoplay&quot;:&quot;&quot;,&quot;pause&quot;:5000,&quot;progressBar&quot;:&quot;true&quot;,&quot;counter&quot;:&quot;true&quot;,&quot;controls&quot;:&quot;true&quot;,&quot;getCaptionFromTitleOrAlt&quot;:&quot;&quot;,&quot;thumbnail&quot;:&quot;&quot;,&quot;showThumbByDefault&quot;:&quot;&quot;,&quot;share&quot;:&quot;&quot;,&quot;zoom&quot;:&quot;true&quot;,&quot;fullScreen&quot;:&quot;true&quot;,&quot;download&quot;:&quot;&quot;}}\"><article class=\"wpr-grid-item elementor-clearfix post-626 attachment type-attachment status-inherit hentry entry\"><div class=\"wpr-grid-item-inner\"><div class=\"wpr-grid-media-wrap wpr-effect-size-small \"><div class=\"wpr-grid-image-wrap\" data-src=\"https:\/\/rayonnagepro.com\/wp-content\/uploads\/2023\/02\/Rayonnage-mobie-blanc-avec-vistiere.jpg\"><img decoding=\"async\" src=\"https:\/\/rayonnagepro.com\/wp-content\/uploads\/2023\/02\/Rayonnage-mobie-blanc-avec-vistiere.jpg\" alt=\"Rayonnage mobile blanc avec vestiaire\" class=\"wpr-anim-timing-ease-default\"><\/div><div class=\"wpr-grid-media-hover wpr-animation-wrap\"><div class=\"wpr-grid-media-hover-bg  wpr-overlay-fade-in wpr-anim-size-large wpr-anim-timing-ease-default wpr-anim-transparency\" data-url=\"https:\/\/rayonnagepro.com\/rayonnage-mobie-blanc-avec-vistiere\/\"><\/div><div class=\"wpr-cv-container\"><div class=\"wpr-cv-outer\"><div class=\"wpr-cv-inner\"><div class=\"wpr-grid-media-hover-middle elementor-clearfix\"><div class=\"wpr-grid-item-lightbox elementor-repeater-item-183e12b wpr-grid-item-display-block wpr-grid-item-align-center wpr-element-fade-in wpr-anim-size-large wpr-anim-timing-ease-default wpr-anim-transparency\"><div class=\"inner-block\"><span data-src=\"https:\/\/rayonnagepro.com\/wp-content\/uploads\/2023\/02\/Rayonnage-mobie-blanc-avec-vistiere.jpg\"><i class=\"fas fa-search\"><\/i><\/span><div class=\"wpr-grid-lightbox-overlay\"><\/div><\/div><\/div><\/div><\/div><\/div><\/div><\/div><\/div><\/div><\/article><article class=\"wpr-grid-item elementor-clearfix post-627 attachment type-attachment status-inherit hentry entry\"><div class=\"wpr-grid-item-inner\"><div class=\"wpr-grid-media-wrap wpr-effect-size-small \"><div class=\"wpr-grid-image-wrap\" data-src=\"https:\/\/rayonnagepro.com\/wp-content\/uploads\/2023\/02\/Rayonnage-mobie-blanc-de-larchive.jpg\"><img decoding=\"async\" src=\"https:\/\/rayonnagepro.com\/wp-content\/uploads\/2023\/02\/Rayonnage-mobie-blanc-de-larchive.jpg\" alt=\"Rayonnage mobile blanc de l&#039;archive\" class=\"wpr-anim-timing-ease-default\"><\/div><div class=\"wpr-grid-media-hover wpr-animation-wrap\"><div class=\"wpr-grid-media-hover-bg  wpr-overlay-fade-in wpr-anim-size-large wpr-anim-timing-ease-default wpr-anim-transparency\" data-url=\"https:\/\/rayonnagepro.com\/rayonnage-mobie-blanc-de-larchive\/\"><\/div><div class=\"wpr-cv-container\"><div class=\"wpr-cv-outer\"><div class=\"wpr-cv-inner\"><div class=\"wpr-grid-media-hover-middle elementor-clearfix\"><div class=\"wpr-grid-item-lightbox elementor-repeater-item-183e12b wpr-grid-item-display-block wpr-grid-item-align-center wpr-element-fade-in wpr-anim-size-large wpr-anim-timing-ease-default wpr-anim-transparency\"><div class=\"inner-block\"><span data-src=\"https:\/\/rayonnagepro.com\/wp-content\/uploads\/2023\/02\/Rayonnage-mobie-blanc-de-larchive.jpg\"><i class=\"fas fa-search\"><\/i><\/span><div class=\"wpr-grid-lightbox-overlay\"><\/div><\/div><\/div><\/div><\/div><\/div><\/div><\/div><\/div><\/div><\/article><article class=\"wpr-grid-item elementor-clearfix post-628 attachment type-attachment status-inherit hentry entry\"><div class=\"wpr-grid-item-inner\"><div class=\"wpr-grid-media-wrap wpr-effect-size-small \"><div class=\"wpr-grid-image-wrap\" data-src=\"https:\/\/rayonnagepro.com\/wp-content\/uploads\/2023\/02\/Rayonnage-mobie-blanc.jpg\"><img decoding=\"async\" src=\"https:\/\/rayonnagepro.com\/wp-content\/uploads\/2023\/02\/Rayonnage-mobie-blanc.jpg\" alt=\"Rayonnage mobile blanc\" class=\"wpr-anim-timing-ease-default\"><\/div><div class=\"wpr-grid-media-hover wpr-animation-wrap\"><div class=\"wpr-grid-media-hover-bg  wpr-overlay-fade-in wpr-anim-size-large wpr-anim-timing-ease-default wpr-anim-transparency\" data-url=\"https:\/\/rayonnagepro.com\/rayonnage-mobie-blanc\/\"><\/div><div class=\"wpr-cv-container\"><div class=\"wpr-cv-outer\"><div class=\"wpr-cv-inner\"><div class=\"wpr-grid-media-hover-middle elementor-clearfix\"><div class=\"wpr-grid-item-lightbox elementor-repeater-item-183e12b wpr-grid-item-display-block wpr-grid-item-align-center wpr-element-fade-in wpr-anim-size-large wpr-anim-timing-ease-default wpr-anim-transparency\"><div class=\"inner-block\"><span data-src=\"https:\/\/rayonnagepro.com\/wp-content\/uploads\/2023\/02\/Rayonnage-mobie-blanc.jpg\"><i class=\"fas fa-search\"><\/i><\/span><div class=\"wpr-grid-lightbox-overlay\"><\/div><\/div><\/div><\/div><\/div><\/div><\/div><\/div><\/div><\/div><\/article><\/section>\t\t<\/div>\n\t\t\t\t<\/div>\n\t\t\t\t\t<\/div>\n\t\t<\/div>\n\t\t\t\t<div class=\"elementor-column elementor-col-50 elementor-inner-column elementor-element elementor-element-a7ca7e4\" data-id=\"a7ca7e4\" data-element_type=\"column\">\n\t\t\t<div class=\"elementor-widget-wrap elementor-element-populated\">\n\t\t\t\t\t\t\t\t<div class=\"elementor-element elementor-element-1b779cd1 elementor-invisible elementor-widget elementor-widget-text-editor\" data-id=\"1b779cd1\" data-element_type=\"widget\" data-settings=\"{&quot;_animation&quot;:&quot;zoomIn&quot;}\" data-widget_type=\"text-editor.default\">\n\t\t\t\t<div class=\"elementor-widget-container\">\n\t\t\t<style>\/*! elementor - v3.16.0 - 20-09-2023 *\/\n.elementor-widget-text-editor.elementor-drop-cap-view-stacked .elementor-drop-cap{background-color:#69727d;color:#fff}.elementor-widget-text-editor.elementor-drop-cap-view-framed .elementor-drop-cap{color:#69727d;border:3px solid;background-color:transparent}.elementor-widget-text-editor:not(.elementor-drop-cap-view-default) .elementor-drop-cap{margin-top:8px}.elementor-widget-text-editor:not(.elementor-drop-cap-view-default) .elementor-drop-cap-letter{width:1em;height:1em}.elementor-widget-text-editor .elementor-drop-cap{float:left;text-align:center;line-height:1;font-size:50px}.elementor-widget-text-editor .elementor-drop-cap-letter{display:inline-block}<\/style>\t\t\t\t<h4><span style=\"color: #333333;\">Description du produit :<\/span><\/h4><p>Optimisez votre espace de stockage avec notre rayonnage sur base mobile. Profitez d&#8217;une utilisation simple et ergonomique pour ranger vos archives en toute s\u00e9curit\u00e9. Les bases mobiles permettent un d\u00e9placement facile et sans effort, pour un acc\u00e8s rapide et pratique \u00e0 vos produits stock\u00e9s. D\u00e9couvrez notre solution de stockage innovante pour maximiser votre espace de rangement. Id\u00e9al pour les espaces limit\u00e9s tels que les archives, les documents, les colis et les petites pi\u00e8ces dans les ateliers. Notre syst\u00e8me de stockage est \u00e9quip\u00e9 d&#8217;une manivelle pour une mobilit\u00e9 facile et efficace des bases mobiles<\/p>\t\t\t\t\t\t<\/div>\n\t\t\t\t<\/div>\n\t\t\t\t<div class=\"elementor-element elementor-element-6b170bb8 elementor-invisible elementor-widget elementor-widget-text-editor\" data-id=\"6b170bb8\" data-element_type=\"widget\" data-settings=\"{&quot;_animation&quot;:&quot;zoomIn&quot;}\" data-widget_type=\"text-editor.default\">\n\t\t\t\t<div class=\"elementor-widget-container\">\n\t\t\t\t\t\t\t\t\t\t\t\t\t<\/div>\n\t\t\t\t<\/div>\n\t\t\t\t\t<\/div>\n\t\t<\/div>\n\t\t\t\t\t\t\t<\/div>\n\t\t<\/section>\n\t\t\t\t\t<\/div>\n\t\t<\/div>\n\t\t\t\t\t\t\t<\/div>\n\t\t<\/section>\n\t\t\t\t\t\t\t<\/div>\n\t\t","protected":false},"excerpt":{"rendered":"<p>Le rayonnage l\u00e9ger sur base mobile Les \u00e9tag\u00e8res mobile Description du produit : Optimisez votre espace de stockage avec notre rayonnage sur base mobile. Profitez d&#8217;une utilisation simple et ergonomique pour ranger vos archives en toute s\u00e9curit\u00e9. Les bases mobiles permettent un d\u00e9placement facile et sans effort, pour un acc\u00e8s rapide et pratique \u00e0 vos [&hellip;]<\/p>\n","protected":false},"author":1,"featured_media":572,"parent":0,"menu_order":0,"comment_status":"closed","ping_status":"closed","template":"","meta":{"footnotes":""},"yoast_head":"<!-- This site is optimized with the Yoast SEO plugin v21.2 - https:\/\/yoast.com\/wordpress\/plugins\/seo\/ -->\n<title>Rayonnage Mobile Pour Bibliotique, Archive- Silver City Rayonnage<\/title>\n<meta name=\"description\" content=\"Optimisez l&#039;espace de votre entrep\u00f4t avec notre rayonnage mobile de haute qualit\u00e9. Disponibles en diff\u00e9rentes tailles et capacit\u00e9s de charge\" \/>\n<meta name=\"robots\" content=\"index, follow, max-snippet:-1, max-image-preview:large, max-video-preview:-1\" \/>\n<link rel=\"canonical\" href=\"https:\/\/rayonnagepro.com\/index.php\/rayonnage-mobile-pour-archive\/\" \/>\n<meta property=\"og:locale\" content=\"en_US\" \/>\n<meta property=\"og:type\" content=\"article\" \/>\n<meta property=\"og:title\" content=\"Rayonnage Mobile Pour Bibliotique, Archive- Silver City Rayonnage\" \/>\n<meta property=\"og:description\" content=\"Optimisez l&#039;espace de votre entrep\u00f4t avec notre rayonnage mobile de haute qualit\u00e9. Disponibles en diff\u00e9rentes tailles et capacit\u00e9s de charge\" \/>\n<meta property=\"og:url\" content=\"https:\/\/rayonnagepro.com\/index.php\/rayonnage-mobile-pour-archive\/\" \/>\n<meta property=\"og:site_name\" content=\"Silver City Rayonnage\" \/>\n<meta property=\"article:modified_time\" content=\"2023-02-21T10:51:13+00:00\" \/>\n<meta property=\"og:image\" content=\"https:\/\/rayonnagepro.com\/wp-content\/uploads\/2023\/02\/Rayonnage-mobile-3D-Silver-City.jpg\" \/>\n\t<meta property=\"og:image:width\" content=\"1142\" \/>\n\t<meta property=\"og:image:height\" content=\"894\" \/>\n\t<meta property=\"og:image:type\" content=\"image\/jpeg\" \/>\n<meta name=\"twitter:card\" content=\"summary_large_image\" \/>\n<meta name=\"twitter:label1\" content=\"Est. reading time\" \/>\n\t<meta name=\"twitter:data1\" content=\"2 minutes\" \/>\n<script type=\"application\/ld+json\" class=\"yoast-schema-graph\">{\"@context\":\"https:\/\/schema.org\",\"@graph\":[{\"@type\":\"WebPage\",\"@id\":\"https:\/\/rayonnagepro.com\/index.php\/rayonnage-mobile-pour-archive\/\",\"url\":\"https:\/\/rayonnagepro.com\/index.php\/rayonnage-mobile-pour-archive\/\",\"name\":\"Rayonnage Mobile Pour Bibliotique, Archive- Silver City Rayonnage\",\"isPartOf\":{\"@id\":\"https:\/\/rayonnagepro.com\/#website\"},\"datePublished\":\"2023-01-19T10:27:59+00:00\",\"dateModified\":\"2023-02-21T10:51:13+00:00\",\"description\":\"Optimisez l'espace de votre entrep\u00f4t avec notre rayonnage mobile de haute qualit\u00e9. Disponibles en diff\u00e9rentes tailles et capacit\u00e9s de charge\",\"breadcrumb\":{\"@id\":\"https:\/\/rayonnagepro.com\/index.php\/rayonnage-mobile-pour-archive\/#breadcrumb\"},\"inLanguage\":\"en-US\",\"potentialAction\":[{\"@type\":\"ReadAction\",\"target\":[\"https:\/\/rayonnagepro.com\/index.php\/rayonnage-mobile-pour-archive\/\"]}]},{\"@type\":\"BreadcrumbList\",\"@id\":\"https:\/\/rayonnagepro.com\/index.php\/rayonnage-mobile-pour-archive\/#breadcrumb\",\"itemListElement\":[{\"@type\":\"ListItem\",\"position\":1,\"name\":\"Accueil\",\"item\":\"https:\/\/rayonnagepro.com\/\"},{\"@type\":\"ListItem\",\"position\":2,\"name\":\"Rayonnage Mobile\"}]},{\"@type\":\"WebSite\",\"@id\":\"https:\/\/rayonnagepro.com\/#website\",\"url\":\"https:\/\/rayonnagepro.com\/\",\"name\":\"Silver City Rayonnage\",\"description\":\"Rayonnage magasin et supermarche\",\"publisher\":{\"@id\":\"https:\/\/rayonnagepro.com\/#organization\"},\"potentialAction\":[{\"@type\":\"SearchAction\",\"target\":{\"@type\":\"EntryPoint\",\"urlTemplate\":\"https:\/\/rayonnagepro.com\/?s={search_term_string}\"},\"query-input\":\"required name=search_term_string\"}],\"inLanguage\":\"en-US\"},{\"@type\":\"Organization\",\"@id\":\"https:\/\/rayonnagepro.com\/#organization\",\"name\":\"Silver City Rayonnage\",\"url\":\"https:\/\/rayonnagepro.com\/\",\"logo\":{\"@type\":\"ImageObject\",\"inLanguage\":\"en-US\",\"@id\":\"https:\/\/rayonnagepro.com\/#\/schema\/logo\/image\/\",\"url\":\"https:\/\/rayonnagepro.com\/wp-content\/uploads\/2023\/01\/logo-silver.png\",\"contentUrl\":\"https:\/\/rayonnagepro.com\/wp-content\/uploads\/2023\/01\/logo-silver.png\",\"width\":572,\"height\":192,\"caption\":\"Silver City Rayonnage\"},\"image\":{\"@id\":\"https:\/\/rayonnagepro.com\/#\/schema\/logo\/image\/\"}}]}<\/script>\n<!-- \/ Yoast SEO plugin. -->","yoast_head_json":{"title":"Rayonnage Mobile Pour Bibliotique, Archive- Silver City Rayonnage","description":"Optimisez l'espace de votre entrep\u00f4t avec notre rayonnage mobile de haute qualit\u00e9. Disponibles en diff\u00e9rentes tailles et capacit\u00e9s de charge","robots":{"index":"index","follow":"follow","max-snippet":"max-snippet:-1","max-image-preview":"max-image-preview:large","max-video-preview":"max-video-preview:-1"},"canonical":"https:\/\/rayonnagepro.com\/index.php\/rayonnage-mobile-pour-archive\/","og_locale":"en_US","og_type":"article","og_title":"Rayonnage Mobile Pour Bibliotique, Archive- Silver City Rayonnage","og_description":"Optimisez l'espace de votre entrep\u00f4t avec notre rayonnage mobile de haute qualit\u00e9. Disponibles en diff\u00e9rentes tailles et capacit\u00e9s de charge","og_url":"https:\/\/rayonnagepro.com\/index.php\/rayonnage-mobile-pour-archive\/","og_site_name":"Silver City Rayonnage","article_modified_time":"2023-02-21T10:51:13+00:00","og_image":[{"width":1142,"height":894,"url":"https:\/\/rayonnagepro.com\/wp-content\/uploads\/2023\/02\/Rayonnage-mobile-3D-Silver-City.jpg","type":"image\/jpeg"}],"twitter_card":"summary_large_image","twitter_misc":{"Est. reading time":"2 minutes"},"schema":{"@context":"https:\/\/schema.org","@graph":[{"@type":"WebPage","@id":"https:\/\/rayonnagepro.com\/index.php\/rayonnage-mobile-pour-archive\/","url":"https:\/\/rayonnagepro.com\/index.php\/rayonnage-mobile-pour-archive\/","name":"Rayonnage Mobile Pour Bibliotique, Archive- Silver City Rayonnage","isPartOf":{"@id":"https:\/\/rayonnagepro.com\/#website"},"datePublished":"2023-01-19T10:27:59+00:00","dateModified":"2023-02-21T10:51:13+00:00","description":"Optimisez l'espace de votre entrep\u00f4t avec notre rayonnage mobile de haute qualit\u00e9. Disponibles en diff\u00e9rentes tailles et capacit\u00e9s de charge","breadcrumb":{"@id":"https:\/\/rayonnagepro.com\/index.php\/rayonnage-mobile-pour-archive\/#breadcrumb"},"inLanguage":"en-US","potentialAction":[{"@type":"ReadAction","target":["https:\/\/rayonnagepro.com\/index.php\/rayonnage-mobile-pour-archive\/"]}]},{"@type":"BreadcrumbList","@id":"https:\/\/rayonnagepro.com\/index.php\/rayonnage-mobile-pour-archive\/#breadcrumb","itemListElement":[{"@type":"ListItem","position":1,"name":"Accueil","item":"https:\/\/rayonnagepro.com\/"},{"@type":"ListItem","position":2,"name":"Rayonnage Mobile"}]},{"@type":"WebSite","@id":"https:\/\/rayonnagepro.com\/#website","url":"https:\/\/rayonnagepro.com\/","name":"Silver City Rayonnage","description":"Rayonnage magasin et supermarche","publisher":{"@id":"https:\/\/rayonnagepro.com\/#organization"},"potentialAction":[{"@type":"SearchAction","target":{"@type":"EntryPoint","urlTemplate":"https:\/\/rayonnagepro.com\/?s={search_term_string}"},"query-input":"required name=search_term_string"}],"inLanguage":"en-US"},{"@type":"Organization","@id":"https:\/\/rayonnagepro.com\/#organization","name":"Silver City Rayonnage","url":"https:\/\/rayonnagepro.com\/","logo":{"@type":"ImageObject","inLanguage":"en-US","@id":"https:\/\/rayonnagepro.com\/#\/schema\/logo\/image\/","url":"https:\/\/rayonnagepro.com\/wp-content\/uploads\/2023\/01\/logo-silver.png","contentUrl":"https:\/\/rayonnagepro.com\/wp-content\/uploads\/2023\/01\/logo-silver.png","width":572,"height":192,"caption":"Silver City Rayonnage"},"image":{"@id":"https:\/\/rayonnagepro.com\/#\/schema\/logo\/image\/"}}]}},"_links":{"self":[{"href":"https:\/\/rayonnagepro.com\/index.php\/wp-json\/wp\/v2\/pages\/28"}],"collection":[{"href":"https:\/\/rayonnagepro.com\/index.php\/wp-json\/wp\/v2\/pages"}],"about":[{"href":"https:\/\/rayonnagepro.com\/index.php\/wp-json\/wp\/v2\/types\/page"}],"author":[{"embeddable":true,"href":"https:\/\/rayonnagepro.com\/index.php\/wp-json\/wp\/v2\/users\/1"}],"replies":[{"embeddable":true,"href":"https:\/\/rayonnagepro.com\/index.php\/wp-json\/wp\/v2\/comments?post=28"}],"version-history":[{"count":26,"href":"https:\/\/rayonnagepro.com\/index.php\/wp-json\/wp\/v2\/pages\/28\/revisions"}],"predecessor-version":[{"id":1636,"href":"https:\/\/rayonnagepro.com\/index.php\/wp-json\/wp\/v2\/pages\/28\/revisions\/1636"}],"wp:featuredmedia":[{"embeddable":true,"href":"https:\/\/rayonnagepro.com\/index.php\/wp-json\/wp\/v2\/media\/572"}],"wp:attachment":[{"href":"https:\/\/rayonnagepro.com\/index.php\/wp-json\/wp\/v2\/media?parent=28"}],"curies":[{"name":"wp","href":"https:\/\/api.w.org\/{rel}","templated":true}]}}